sands digit of 614715?
1
What is the thousands digit of 686692?
6
What is the tens digit of 435360?
6
What is the units digit of 1051407?
7
What is the ten thousands digit of 13231553?
3
What is the ten thousands digit of 21619965?
1
What is the units digit of 1520278?
8
What is the ten thousands digit of 10933907?
3
What is the hundreds digit of 505768?
7
What is the hundreds digit of 59449?
4
What is the ten millions digit of 23542742?
2
What is the hundred thousands digit of 727305?
7
What is the hundreds digit of 35520541?
5
What is the hundreds digit of 905121?
1
What is the thousands digit of 96781?
6
What is the hundreds digit of 806286?
2
What is the ten thousands digit of 9608379?
0
What is the thousands digit of 5595706?
5
What is the hundreds digit of 2158064?
0
What is the units digit of 334183?
3
What is the units digit of 120205?
5
What is the thousands digit of 740658?
0
What is the tens digit of 771474?
7
What is the thousands digit of 101400?
1
What is the units digit of 544911?
1
What is the ten thousands digit of 897961?
9
What is the hundreds digit of 79700?
7
What is the thousands digit of 235179?
5
What is the thousands digit of 5422111?
2
What is the units digit of 88416?
6
What is the hundreds digit of 406750?
7
What is the tens digit of 12426928?
2
What is the hundreds digit of 967732?
7
What is the ten thousands digit of 617329?
1
What is the tens digit of 158186?
8
What is the hundred thousands digit of 477166?
4
What is the ten thousands digit of 88736?
8
What is the thousands digit of 4947819?
7
What is the units digit of 1622404?
4
What is the hundred thousands digit of 2096913?
0
What is the tens digit of 364573?
7
What is the ten thousands digit of 17374746?
7
What is the hundred thousands digit of 4596112?
5
What is the thousands digit of 328248?
8
What is the units digit of 1179414?
4
What is the units digit of 3613516?
6
What is the hundred thousands digit of 501849?
5
What is the ten millions digit of 14397168?
1
What is the hundred thousands digit of 5393477?
3
What is the hundreds digit of 10830862?
8
What is the units digit of 472184?
4
What is the ten thousands digit of 629390?
2
What is the tens digit of 13155082?
8
What is the hundreds digit of 97682?
6
What is the hundreds digit of 7243377?
3
What is the tens digit of 8264722?
2
What is the ten thousands digit of 368443?
6
What is the hundred thousands digit of 909211?
9
What is the units digit of 154680?
0
What is the millions digit of 1952146?
1
What is the tens digit of 2070171?
7
What is the hundred thousands digit of 323656?
3
What is the ten thousands digit of 639935?
3
What is the ten thousands digit of 129946?
2
What is the tens digit of 8760330?
3
What is the millions digit of 1000980?
1
What is the ten millions digit of 11752468?
1
What is the thousands digit of 5349055?
9
What is the hundred thousands digit of 224383?
2
What is the tens digit of 1202206?
0
What is the ten thousands digit of 60760?
6
What is the hundred thousands digit of 6310109?
3
What is the thousands digit of 575532?
5
What is the hundred thousands digit of 468869?
4
What is the hundreds digit of 8818258?
2
What is the ten thousands digit of 92051?
9
What is the thousands digit of 963769?
3
What is the ten thousands digit of 640392?
4
What is the millions digit of 4175454?
4
What is the units digit of 5997274?
4
What is the units digit of 19706383?
3
What is the hundreds digit of 2932382?
3
What is the hundred thousands digit of 4991654?
9
What is the hundred thousands digit of 1649808?
6
What is the thousands digit of 12434750?
4
What is the hundreds digit of 227638?
6
What is the units digit of 1349690?
0
What is the hundreds digit of 3335883?
8
What is the units digit of 309587?
7
What is the hundreds digit of 30533274?
2
What is the hundred thousands digit of 2232918?
2
What is the ten millions digit of 22163987?
2
What is the tens digit of 161727?
2
What is the ten thousands digit of 164098?
6
What is the hundred thousands digit of 463996?
4
What is the units digit of 393075?
5
What is the units digit of 499848?
8
What is the units digit of 214540?
0
What is the millions digit of 1030561?
1
What is the ten thousands digit of 221884?
2
What is the millions digit of 3983755?
3
What is the hundred thousands digit of 44409312?
4
What is the hundreds digit of 1662817?
8
What is the hundreds digit of 35250354?
3
What is the hundreds digit of 1929267?
2
What is the hundred thousands digit of 412854?
4
What is the tens digit of 1948099?
9
What is the millions digit of 6415174?
6
What is the millions digit of 7049194?
7
What is the tens digit of 8282?
8
What is the tens digit of 918609?
0
What is the thousands digit of 20737660?
7
What is the units digit of 106551?
1
What is the units digit of 2419257?
7
What is the hundreds digit of 324216?
2
What is the thousands digit of 29894818?
4
What is the thousands digit of 14080037?
0
What is the hundreds digit of 263753?
7
What is the hundreds digit of 2554194?
1
What is the millions digit of 1733049?
1
What is the thousands digit of 56109?
6
What is the ten thousands digit of 314890?
1
What is the hundred thousands digit of 1194747?
1
What is the thousands digit of 53263?
3
What is the hundred thousands digit of 4431728?
4
What is the tens digit of 406400?
0
What is the thousands digit of 6603890?
3
What is the ten thousands digit of 873667?
7
What is the tens digit of 240256?
5
What is the hundreds digit of 132308?
3
What is the hundred thousands digit of 2914383?
9
What is the hundreds digit of 6963189?
1
What is the thousands digit of 292860?
2
What is the hundred thousands digit of 805883?
8
What is the hundreds digit of 182084?
0
What is the thousands digit of 881786?
1
What is the hundreds digit of 2958370?
3
What is the thousands digit of 3848452?
8
What is the ten thousands digit of 283036?
8
What is the ten thousands digit of 268311?
6
What is the thousands digit of 1805251?
5
What is the ten thousands digit of 1956878?
5
What is the millions digit of 8553300?
8
What is the hundreds digit of 143086?
0
What is the units digit of 986607?
7
What is the hundreds digit of 1329634?
6
What is the tens digit of 18799510?
1
What is the thousands digit of 1756714?
6
What is the hundred thousands digit of 1689269?
6
What is the units digit of 2456276?
6
What is the hundreds digit of 17884961?
9
What is the ten thousands digit of 379112?
7
What is the tens digit of 1899989?
8
What is the tens digit of 4354784?
8
What is the tens digit of 5734816?
1
What is the tens digit of 575977?
7
What is the tens digit of 198199?
9
What is the hundred thousands digit of 1053991?
0
What is the thousands digit of 796292?
6
What is the hundreds digit of 1083622?
6
What is the units digit of 921265?
5
What is the thousands digit of 148530?
8
What is the ten thousands digit of 487044?
8
What is the units digit of 780632?
2
What is the thousands digit of 31397017?
7
What is the hundred thousands digit of 172468?
1
What is the ten millions digit of 19974012?
1
What is the millions digit of 2514824?
2
What is the tens digit of 2550871?
7
What is the thousands digit of 83716?
3
What is the units digit of 22993295?
5
What is the hundreds digit of 51245?
2
What is the thousands digit of 213749?
3
What is the thousands digit of 435628?
5
What is the millions digit of 1071395?
1
What is the thousands digit of 2515343?
5
What is the tens digit of 3032367?
6
What is the millions digit of 32271508?
2
What is the tens digit of 126335?
3
What is the units digit of 6270881?
1
What is the hundreds digit of 3941335?
3
What is the units digit of 288575?
5
What is the hundreds digit of 28687397?
3
What is the units digit of 278429?
9
What is the units digit of 7610080?
0
What is the tens digit of 90469?
6
What is the thousands digit of 4780?
4
What is the ten thousands digit of 2760743?
6
What is the units digit of 37226975?
5
What is the millions digit of 6208523?
6
What is the units digit of 456825?
5
What is the tens digit of 5053594?
9
What is the hundreds digit of 383641?
6
What is the ten thousands digit of 117629?
1
What is the thousands digit of 14451?
4
What is the ten thousands digit of 2247059?
4
What is the millions digit of 2208167?
2
What is the ten